{"id":154,"date":"2020-04-06T18:46:05","date_gmt":"2020-04-06T16:46:05","guid":{"rendered":"http:\/\/adaparentis.com\/?page_id=154"},"modified":"2020-04-06T18:52:01","modified_gmt":"2020-04-06T16:52:01","slug":"de-1981-a-1989","status":"publish","type":"page","link":"https:\/\/adaparentis.com\/?page_id=154","title":{"rendered":"De 1981 \u00e0 1989"},"content":{"rendered":"\n<h2 class=\"wp-block-heading\">Le 9 Ao\u00fbt 1981 :<\/h2>\n\n\n\n<blockquote class=\"wp-block-quote is-style-default is-layout-flow wp-block-quote-is-layout-flow\"><p>Des CORTIJOLIVA mal pr\u00e9sent\u00e9s pour PEPIN JIMENEZ, BLAU ESPADAS, (1 oreille) LUIS MIGUEL CAMPANO<\/p><\/blockquote>\n\n\n\n<h2 class=\"wp-block-heading\">Le 8 Ao\u00fbt 1982 :<\/h2>\n\n\n\n<blockquote class=\"wp-block-quote is-style-default is-layout-flow wp-block-quote-is-layout-flow\"><p>Une extraordinaire novillada de ROCIO DE LA CAMARA qui prit 21 piques . Le 4\u00b0 extraordinaire prit quatre puyazos et renversa la cavalerie. A pied FERMIN VIOQUE (2 oreilles oreille) Vuelta al ruedo du novillo VICENTE YESTERA (Silence et Silence), RAFAEL PEREA BONI (Silence et Silence). Vuelta du Mayoral.<\/p><\/blockquote>\n\n\n\n<h2 class=\"wp-block-heading\">Le 14 Juillet 1983 :<\/h2>\n\n\n\n<blockquote class=\"wp-block-quote is-style-default is-layout-flow wp-block-quote-is-layout-flow\"><p>Un lot de SOTILLO Y GUTTIEREZ avis\u00e9 et dangereux pour MANOLO FUENTES, FERMIN VIOQUE (Vuelta Vuelta)MORENITO DE JAEN (oreille)<\/p><\/blockquote>\n\n\n\n<h2 class=\"wp-block-heading\">Le 7 Ao\u00fbt 1983 :<\/h2>\n\n\n\n<blockquote class=\"wp-block-quote is-style-default is-layout-flow wp-block-quote-is-layout-flow\"><p>Un m\u00e9lange de GARCIA ALEAS et LOS EULOGIOS querencioso et d\u00e9cast\u00e9 pour FERMIN VIOQUE (oreille oreille), SALVADOR MARIN et LAURI MONZON<\/p><\/blockquote>\n\n\n\n<h2 class=\"wp-block-heading\">Le 5 Ao\u00fbt 1984 :<\/h2>\n\n\n\n<blockquote class=\"wp-block-quote is-style-default is-layout-flow wp-block-quote-is-layout-flow\"><p>Six novillos de GIMENEZ INDARTE pour EMILIO OLIVA (1oreille) MICHEL LAGRAVERE (oreille vuelta) ALVARO AMORES (vuelta)<\/p><\/blockquote>\n\n\n\n<h2 class=\"wp-block-heading\">Le 4 Ao\u00fbt 1985 :<\/h2>\n\n\n\n<blockquote class=\"wp-block-quote is-style-default is-layout-flow wp-block-quote-is-layout-flow\"><p>Une mansada de CAMALIGERA pour ENRIQUE VERA (Silence Silence) JOSE ANTONIO CARRETERO (oreille oreille)STEPHANE FERNANDEZ MECA (vuelta)<\/p><\/blockquote>\n\n\n\n<h2 class=\"wp-block-heading\">Le 10 Ao\u00fbt 1986 :<\/h2>\n\n\n\n<blockquote class=\"wp-block-quote is-style-default is-layout-flow wp-block-quote-is-layout-flow\"><p>Un lot de GILBERT MROZ \u00e9pineux selon le quotidien r\u00e9gional pour DEMETRIO CENTENERA(oreille), RAUL GALINDO (vuelta), et DOMINGO DOMINGUIN (vuelta 2 oreilles)<\/p><\/blockquote>\n\n\n\n<h2 class=\"wp-block-heading\">Le 14 Juillet 1987 :<\/h2>\n\n\n\n<blockquote class=\"wp-block-quote is-style-default is-layout-flow wp-block-quote-is-layout-flow\"><p>L\u2019Union Torista Bordeaux-Parentis avec Juan Jos\u00e9 Escanciano organise sa premi\u00e8re novillada avec du b\u00e9tail de SOTILLO Y GUTTIEREZ. Au d\u00e9barquement un novillo est tu\u00e9 par l\u2019un de ses cong\u00e9n\u00e8res et est remplac\u00e9 par un sobrero de FERNAY de tr\u00e8s grande bravoure. DOMINGO DOMINGUIN (oreille vuelta), JOSE MARIA PLAZA (vuelta) et JEAN LUC LAFITTE. Vuelta du Mayoral et Prix de l\u2019ANDA pour le s\u00e9rieux du b\u00e9tail pr\u00e9sent\u00e9 en 1985,1986 et 1987.<\/p><\/blockquote>\n\n\n\n<h2 class=\"wp-block-heading\">Le 9 Ao\u00fbt 1987 :<\/h2>\n\n\n\n<blockquote class=\"wp-block-quote is-style-default is-layout-flow wp-block-quote-is-layout-flow\"><p>Six novillos de TARDIEU tardos et querenciosos pour STEPHANE FERNANDEZ MECA (vuelta oreille), MIGUEL MARCOS (vuelta 2 oreilles) et ANDRES VELEZ \u00e0 cheval (oreille -2 oreilles)<\/p><\/blockquote>\n\n\n\n<h2 class=\"wp-block-heading\">Le 14 Juillet 1988 :<\/h2>\n\n\n\n<blockquote class=\"wp-block-quote is-style-default is-layout-flow wp-block-quote-is-layout-flow\"><p>Le grand retour en France des PRIETO DE LA CAL avec une course l\u00e9gendaire et une apr\u00e8s midi d\u2019apocalypse pour les h\u00e9ros DOMINGO DOMINGUIN qui passa son temps sur les cornes de ses opposants, FERNANDO CAMARA (silence silence) et MARCO GIRON (oreille). La presse dans son ensemble est \u00e9loquente : \u00ab Une tarde de cauchemar \u00bb selon Sud Ouest, \u00ab Goya sous les platanes \u00bb pour l\u2019Humanit\u00e9 ou \u00ab Tarde d\u2019Apocalypse \u00bb pour Tendido. Cuadrillas en d\u00e9route devant des mansos de sentido.<\/p><\/blockquote>\n\n\n\n<h2 class=\"wp-block-heading\">Le 21 Ao\u00fbt 1988 :<\/h2>\n\n\n\n<blockquote class=\"wp-block-quote is-style-default is-layout-flow wp-block-quote-is-layout-flow\"><p>Six novillos de AMPARO \u00e9levage d\u2019origine Contreras situ\u00e9 \u00e0 Bazas qui permirent aux toreros de briller pour EL JAVI (oreille) , EL BONI (vuelta) et FREDDY COSTON \u00e0 cheval.<\/p><\/blockquote>\n\n\n\n<h2 class=\"wp-block-heading\">Le 6 Ao\u00fbt 1989 :<\/h2>\n\n\n\n<blockquote class=\"wp-block-quote is-style-default is-layout-flow wp-block-quote-is-layout-flow\"><p>De nouveau PRIETO DE LA CAL avec un lot bien pr\u00e9sent\u00e9 dont 4 furent mansos pour DOMINGO DOMINGUIN (vuelta), SERGIO SANCHEZ (vuelta), JUAN CARLOS BELMONTE (oreille)<\/p><\/blockquote>\n","protected":false},"excerpt":{"rendered":"<p>Le 9 Ao\u00fbt 1981 : Des CORTIJOLIVA mal pr\u00e9sent\u00e9s pour PEPIN JIMENEZ, BLAU ESPADAS, (1 oreille) LUIS MIGUEL CAMPANO Le 8 Ao\u00fbt 1982 : Une extraordinaire novillada de ROCIO DE LA CAMARA qui prit 21 piques . Le 4\u00b0 extraordinaire prit quatre puyazos et renversa la cavalerie. A pied FERMIN VIOQUE (2 oreilles oreille) Vuelta&hellip; <a href=\"https:\/\/adaparentis.com\/?page_id=154\" class=\"more-link\">Lire la suite <span class=\"screen-reader-text\">De 1981 \u00e0 1989<\/span><\/a><\/p>\n","protected":false},"author":1,"featured_media":115,"parent":20,"menu_order":5,"comment_status":"closed","ping_status":"closed","template":"templates\/full-width-page.php","meta":{"footnotes":""},"class_list":["post-154","page","type-page","status-publish","has-post-thumbnail","hentry","with-featured-image"],"_links":{"self":[{"href":"https:\/\/adaparentis.com\/index.php?rest_route=\/wp\/v2\/pages\/154","targetHints":{"allow":["GET"]}}],"collection":[{"href":"https:\/\/adaparentis.com\/index.php?rest_route=\/wp\/v2\/pages"}],"about":[{"href":"https:\/\/adaparentis.com\/index.php?rest_route=\/wp\/v2\/types\/page"}],"author":[{"embeddable":true,"href":"https:\/\/adaparentis.com\/index.php?rest_route=\/wp\/v2\/users\/1"}],"replies":[{"embeddable":true,"href":"https:\/\/adaparentis.com\/index.php?rest_route=%2Fwp%2Fv2%2Fcomments&post=154"}],"version-history":[{"count":3,"href":"https:\/\/adaparentis.com\/index.php?rest_route=\/wp\/v2\/pages\/154\/revisions"}],"predecessor-version":[{"id":160,"href":"https:\/\/adaparentis.com\/index.php?rest_route=\/wp\/v2\/pages\/154\/revisions\/160"}],"up":[{"embeddable":true,"href":"https:\/\/adaparentis.com\/index.php?rest_route=\/wp\/v2\/pages\/20"}],"wp:featuredmedia":[{"embeddable":true,"href":"https:\/\/adaparentis.com\/index.php?rest_route=\/wp\/v2\/media\/115"}],"wp:attachment":[{"href":"https:\/\/adaparentis.com\/index.php?rest_route=%2Fwp%2Fv2%2Fmedia&parent=154"}],"curies":[{"name":"wp","href":"https:\/\/api.w.org\/{rel}","templated":true}]}}